{"id":4262,"date":"2024-06-02T15:18:38","date_gmt":"2024-06-02T15:18:38","guid":{"rendered":"http:\/\/zsp3.pl\/?page_id=4262"},"modified":"2025-06-17T12:10:15","modified_gmt":"2025-06-17T12:10:15","slug":"narodowy-program-rozwoju-czytelnictwa","status":"publish","type":"page","link":"http:\/\/zsp3.pl\/?page_id=4262","title":{"rendered":"Narodowy Program Rozwoju Czytelnictwa"},"content":{"rendered":"<div class=\"wp-block-image\">\n<figure class=\"aligncenter size-large\"><img fetchpriority=\"high\" decoding=\"async\" width=\"1024\" height=\"724\" src=\"http:\/\/zsp3.pl\/wp-content\/uploads\/2025\/06\/Wypozycz-ksiazki-na-wakacje-1024x724.jpg\" alt=\"\" class=\"wp-image-6596\" srcset=\"http:\/\/zsp3.pl\/wp-content\/uploads\/2025\/06\/Wypozycz-ksiazki-na-wakacje-1024x724.jpg 1024w, http:\/\/zsp3.pl\/wp-content\/uploads\/2025\/06\/Wypozycz-ksiazki-na-wakacje-300x212.jpg 300w, http:\/\/zsp3.pl\/wp-content\/uploads\/2025\/06\/Wypozycz-ksiazki-na-wakacje-768x543.jpg 768w, http:\/\/zsp3.pl\/wp-content\/uploads\/2025\/06\/Wypozycz-ksiazki-na-wakacje-1536x1086.jpg 1536w, http:\/\/zsp3.pl\/wp-content\/uploads\/2025\/06\/Wypozycz-ksiazki-na-wakacje.jpg 2000w\" sizes=\"(max-width: 1024px) 100vw, 1024px\" \/><\/figure>\n<\/div>\n\n<div class=\"wp-block-image\">\n<figure class=\"aligncenter size-full\"><img decoding=\"async\" width=\"596\" height=\"114\" src=\"http:\/\/zsp3.pl\/wp-content\/uploads\/2025\/06\/nprc2.jpg\" alt=\"\" class=\"wp-image-6592\" srcset=\"http:\/\/zsp3.pl\/wp-content\/uploads\/2025\/06\/nprc2.jpg 596w, http:\/\/zsp3.pl\/wp-content\/uploads\/2025\/06\/nprc2-300x57.jpg 300w\" sizes=\"(max-width: 596px) 100vw, 596px\" \/><\/figure>\n<\/div>\n\n\n<p><strong>III Liceum Og\u00f3lnokszta\u0142c\u0105ce z Oddzia\u0142ami Integracyjnymi w Zespole Szk\u00f3\u0142 Nr 3<br>im. Stanis\u0142awa Staszica we W\u0142oszczowie w roku 2025 otrzyma\u0142o wsparcie finansowe<br>w ramach Priorytetu 3 &#8222;Narodowego Programu Rozwoju Czytelnictwa 2.0<br>na lata 2021-2025&#8243;.<\/strong><\/p>\n\n\n\n<p>Program jest realizowany przez Ministerstwo Kultury i Dziedzictwa Narodowego &nbsp;&nbsp;&nbsp;&nbsp;&nbsp;&nbsp;&nbsp;&nbsp;&nbsp;&nbsp;&nbsp;&nbsp;&nbsp;przy zaanga\u017cowaniu Biblioteki Narodowej, Instytutu Ksi\u0105\u017cki i Narodowego Centrum Kultury oraz we wsp\u00f3\u0142pracy z Ministerstwem Edukacji Narodowej jako Operatora Priorytetu 3.<\/p>\n\n\n\n<p><strong>W ramach wsparcia otrzymali\u015bmy 5 000 z\u0142otych (przy udziale w\u0142asnym organu prowadz\u0105cego w wysoko\u015bci 1 000 z\u0142otych)<\/strong><\/p>\n\n\n\n<p>\u015arodki zostan\u0105 przeznaczone na zakup nowo\u015bci wydawniczych i element\u00f3w wyposa\u017cenia biblioteki szkolnej.<\/p>\n\n\n<div class=\"wp-block-image\">\n<figure class=\"aligncenter size-full\"><img decoding=\"async\" width=\"607\" height=\"79\" src=\"http:\/\/zsp3.pl\/wp-content\/uploads\/2025\/06\/nprc2logo.jpg\" alt=\"\" class=\"wp-image-6593\" srcset=\"http:\/\/zsp3.pl\/wp-content\/uploads\/2025\/06\/nprc2logo.jpg 607w, http:\/\/zsp3.pl\/wp-content\/uploads\/2025\/06\/nprc2logo-300x39.jpg 300w, http:\/\/zsp3.pl\/wp-content\/uploads\/2025\/06\/nprc2logo-600x79.jpg 600w\" sizes=\"(max-width: 607px) 100vw, 607px\" \/><\/figure>\n<\/div>\n\n\n<p><\/p>\n","protected":false},"excerpt":{"rendered":"<p>III Liceum Og\u00f3lnokszta\u0142c\u0105ce z Oddzia\u0142ami Integracyjnymi w Zespole Szk\u00f3\u0142 Nr 3im. Stanis\u0142awa Staszica we W\u0142oszczowie w roku 2025 otrzyma\u0142o wsparcie [&hellip;]<\/p>\n","protected":false},"author":2,"featured_media":0,"parent":0,"menu_order":0,"comment_status":"closed","ping_status":"closed","template":"","meta":{"footnotes":""},"class_list":["post-4262","page","type-page","status-publish","hentry"],"_links":{"self":[{"href":"http:\/\/zsp3.pl\/index.php?rest_route=\/wp\/v2\/pages\/4262","targetHints":{"allow":["GET"]}}],"collection":[{"href":"http:\/\/zsp3.pl\/index.php?rest_route=\/wp\/v2\/pages"}],"about":[{"href":"http:\/\/zsp3.pl\/index.php?rest_route=\/wp\/v2\/types\/page"}],"author":[{"embeddable":true,"href":"http:\/\/zsp3.pl\/index.php?rest_route=\/wp\/v2\/users\/2"}],"replies":[{"embeddable":true,"href":"http:\/\/zsp3.pl\/index.php?rest_route=%2Fwp%2Fv2%2Fcomments&post=4262"}],"version-history":[{"count":3,"href":"http:\/\/zsp3.pl\/index.php?rest_route=\/wp\/v2\/pages\/4262\/revisions"}],"predecessor-version":[{"id":6598,"href":"http:\/\/zsp3.pl\/index.php?rest_route=\/wp\/v2\/pages\/4262\/revisions\/6598"}],"wp:attachment":[{"href":"http:\/\/zsp3.pl\/index.php?rest_route=%2Fwp%2Fv2%2Fmedia&parent=4262"}],"curies":[{"name":"wp","href":"https:\/\/api.w.org\/{rel}","templated":true}]}}