{"id":4929,"date":"2024-11-13T00:31:50","date_gmt":"2024-11-13T00:31:50","guid":{"rendered":"http:\/\/zsp3.pl\/?page_id=4929"},"modified":"2024-11-13T00:39:21","modified_gmt":"2024-11-13T00:39:21","slug":"wreczenie-nagrod-za-bardzo-dobre-wyniki-w-nauce-i-za-czystosc-w-pokojach","status":"publish","type":"page","link":"http:\/\/zsp3.pl\/?page_id=4929","title":{"rendered":"Wr\u0119czenie nagr\u00f3d za bardzo dobre wyniki w nauce i za czysto\u015b\u0107 w pokojach"},"content":{"rendered":"\t\t<div data-elementor-type=\"wp-page\" data-elementor-id=\"4929\" class=\"elementor elementor-4929\">\n\t\t\t\t\t\t<section class=\"elementor-section elementor-top-section elementor-element elementor-element-179837b elementor-section-boxed elementor-section-height-default elementor-section-height-default\" data-id=\"179837b\" data-element_type=\"section\" data-e-type=\"section\">\n\t\t\t\t\t\t<div class=\"elementor-container elementor-column-gap-default\">\n\t\t\t\t\t<div class=\"elementor-column elementor-col-100 elementor-top-column elementor-element elementor-element-b69ba88\" data-id=\"b69ba88\" data-element_type=\"column\" data-e-type=\"column\">\n\t\t\t<div class=\"elementor-widget-wrap elementor-element-populated\">\n\t\t\t\t\t\t<div class=\"elementor-element elementor-element-ccfb3eb gallery-spacing-custom elementor-widget elementor-widget-image-gallery\" data-id=\"ccfb3eb\" data-element_type=\"widget\" data-e-type=\"widget\" data-widget_type=\"image-gallery.default\">\n\t\t\t\t<div class=\"elementor-widget-container\">\n\t\t\t\t\t\t\t<div class=\"elementor-image-gallery\">\n\t\t\t<div id='gallery-1' class='gallery galleryid-4929 gallery-columns-4 gallery-size-thumbnail'><figure class='gallery-item'>\n\t\t\t<div class='gallery-icon landscape'>\n\t\t\t\t<a data-elementor-open-lightbox=\"yes\" data-elementor-lightbox-slideshow=\"ccfb3eb\" data-elementor-lightbox-title=\"4fc3a03e-0343-404d-8ba1-4177877e3374\" data-e-action-hash=\"#elementor-action%3Aaction%3Dlightbox%26settings%3DeyJpZCI6NDkzNywidXJsIjoiaHR0cDpcL1wvenNwMy5wbFwvd3AtY29udGVudFwvdXBsb2Fkc1wvMjAyNFwvMTFcLzRmYzNhMDNlLTAzNDMtNDA0ZC04YmExLTQxNzc4NzdlMzM3NC5qcGVnIiwic2xpZGVzaG93IjoiY2NmYjNlYiJ9\" href='http:\/\/zsp3.pl\/wp-content\/uploads\/2024\/11\/4fc3a03e-0343-404d-8ba1-4177877e3374.jpeg'><img decoding=\"async\" width=\"150\" height=\"150\" src=\"http:\/\/zsp3.pl\/wp-content\/uploads\/2024\/11\/4fc3a03e-0343-404d-8ba1-4177877e3374-150x150.jpeg\" class=\"attachment-thumbnail size-thumbnail\" alt=\"\" srcset=\"http:\/\/zsp3.pl\/wp-content\/uploads\/2024\/11\/4fc3a03e-0343-404d-8ba1-4177877e3374-150x150.jpeg 150w, http:\/\/zsp3.pl\/wp-content\/uploads\/2024\/11\/4fc3a03e-0343-404d-8ba1-4177877e3374-500x500.jpeg 500w\" sizes=\"(max-width: 150px) 100vw, 150px\" \/><\/a>\n\t\t\t<\/div><\/figure><figure class='gallery-item'>\n\t\t\t<div class='gallery-icon portrait'>\n\t\t\t\t<a data-elementor-open-lightbox=\"yes\" data-elementor-lightbox-slideshow=\"ccfb3eb\" data-elementor-lightbox-title=\"930ee7a6-9f9a-48b2-a2a2-9aaabbef2be0\" data-e-action-hash=\"#elementor-action%3Aaction%3Dlightbox%26settings%3DeyJpZCI6NDkzOCwidXJsIjoiaHR0cDpcL1wvenNwMy5wbFwvd3AtY29udGVudFwvdXBsb2Fkc1wvMjAyNFwvMTFcLzkzMGVlN2E2LTlmOWEtNDhiMi1hMmEyLTlhYWFiYmVmMmJlMC5qcGVnIiwic2xpZGVzaG93IjoiY2NmYjNlYiJ9\" href='http:\/\/zsp3.pl\/wp-content\/uploads\/2024\/11\/930ee7a6-9f9a-48b2-a2a2-9aaabbef2be0.jpeg'><img decoding=\"async\" width=\"150\" height=\"150\" src=\"http:\/\/zsp3.pl\/wp-content\/uploads\/2024\/11\/930ee7a6-9f9a-48b2-a2a2-9aaabbef2be0-150x150.jpeg\" class=\"attachment-thumbnail size-thumbnail\" alt=\"\" srcset=\"http:\/\/zsp3.pl\/wp-content\/uploads\/2024\/11\/930ee7a6-9f9a-48b2-a2a2-9aaabbef2be0-150x150.jpeg 150w, http:\/\/zsp3.pl\/wp-content\/uploads\/2024\/11\/930ee7a6-9f9a-48b2-a2a2-9aaabbef2be0-500x500.jpeg 500w\" sizes=\"(max-width: 150px) 100vw, 150px\" \/><\/a>\n\t\t\t<\/div><\/figure><figure class='gallery-item'>\n\t\t\t<div class='gallery-icon landscape'>\n\t\t\t\t<a data-elementor-open-lightbox=\"yes\" data-elementor-lightbox-slideshow=\"ccfb3eb\" data-elementor-lightbox-title=\"3946db5d-1041-4e1f-8366-b04e49f19f4b\" data-e-action-hash=\"#elementor-action%3Aaction%3Dlightbox%26settings%3DeyJpZCI6NDkzOSwidXJsIjoiaHR0cDpcL1wvenNwMy5wbFwvd3AtY29udGVudFwvdXBsb2Fkc1wvMjAyNFwvMTFcLzM5NDZkYjVkLTEwNDEtNGUxZi04MzY2LWIwNGU0OWYxOWY0Yi5qcGVnIiwic2xpZGVzaG93IjoiY2NmYjNlYiJ9\" href='http:\/\/zsp3.pl\/wp-content\/uploads\/2024\/11\/3946db5d-1041-4e1f-8366-b04e49f19f4b.jpeg'><img decoding=\"async\" width=\"150\" height=\"150\" src=\"http:\/\/zsp3.pl\/wp-content\/uploads\/2024\/11\/3946db5d-1041-4e1f-8366-b04e49f19f4b-150x150.jpeg\" class=\"attachment-thumbnail size-thumbnail\" alt=\"\" srcset=\"http:\/\/zsp3.pl\/wp-content\/uploads\/2024\/11\/3946db5d-1041-4e1f-8366-b04e49f19f4b-150x150.jpeg 150w, http:\/\/zsp3.pl\/wp-content\/uploads\/2024\/11\/3946db5d-1041-4e1f-8366-b04e49f19f4b-500x500.jpeg 500w\" sizes=\"(max-width: 150px) 100vw, 150px\" \/><\/a>\n\t\t\t<\/div><\/figure><figure class='gallery-item'>\n\t\t\t<div class='gallery-icon landscape'>\n\t\t\t\t<a data-elementor-open-lightbox=\"yes\" data-elementor-lightbox-slideshow=\"ccfb3eb\" data-elementor-lightbox-title=\"7099ab44-f2bd-48c6-b14b-8cc09c9bd78c\" data-e-action-hash=\"#elementor-action%3Aaction%3Dlightbox%26settings%3DeyJpZCI6NDk0MCwidXJsIjoiaHR0cDpcL1wvenNwMy5wbFwvd3AtY29udGVudFwvdXBsb2Fkc1wvMjAyNFwvMTFcLzcwOTlhYjQ0LWYyYmQtNDhjNi1iMTRiLThjYzA5YzliZDc4Yy5qcGVnIiwic2xpZGVzaG93IjoiY2NmYjNlYiJ9\" href='http:\/\/zsp3.pl\/wp-content\/uploads\/2024\/11\/7099ab44-f2bd-48c6-b14b-8cc09c9bd78c.jpeg'><img loading=\"lazy\" decoding=\"async\" width=\"150\" height=\"150\" src=\"http:\/\/zsp3.pl\/wp-content\/uploads\/2024\/11\/7099ab44-f2bd-48c6-b14b-8cc09c9bd78c-150x150.jpeg\" class=\"attachment-thumbnail size-thumbnail\" alt=\"\" srcset=\"http:\/\/zsp3.pl\/wp-content\/uploads\/2024\/11\/7099ab44-f2bd-48c6-b14b-8cc09c9bd78c-150x150.jpeg 150w, http:\/\/zsp3.pl\/wp-content\/uploads\/2024\/11\/7099ab44-f2bd-48c6-b14b-8cc09c9bd78c-500x500.jpeg 500w\" sizes=\"(max-width: 150px) 100vw, 150px\" \/><\/a>\n\t\t\t<\/div><\/figure><figure class='gallery-item'>\n\t\t\t<div class='gallery-icon landscape'>\n\t\t\t\t<a data-elementor-open-lightbox=\"yes\" data-elementor-lightbox-slideshow=\"ccfb3eb\" data-elementor-lightbox-title=\"7933b71a-e966-4cda-88da-03b969fc8acd\" data-e-action-hash=\"#elementor-action%3Aaction%3Dlightbox%26settings%3DeyJpZCI6NDk0MSwidXJsIjoiaHR0cDpcL1wvenNwMy5wbFwvd3AtY29udGVudFwvdXBsb2Fkc1wvMjAyNFwvMTFcLzc5MzNiNzFhLWU5NjYtNGNkYS04OGRhLTAzYjk2OWZjOGFjZC5qcGVnIiwic2xpZGVzaG93IjoiY2NmYjNlYiJ9\" href='http:\/\/zsp3.pl\/wp-content\/uploads\/2024\/11\/7933b71a-e966-4cda-88da-03b969fc8acd.jpeg'><img loading=\"lazy\" decoding=\"async\" width=\"150\" height=\"150\" src=\"http:\/\/zsp3.pl\/wp-content\/uploads\/2024\/11\/7933b71a-e966-4cda-88da-03b969fc8acd-150x150.jpeg\" class=\"attachment-thumbnail size-thumbnail\" alt=\"\" srcset=\"http:\/\/zsp3.pl\/wp-content\/uploads\/2024\/11\/7933b71a-e966-4cda-88da-03b969fc8acd-150x150.jpeg 150w, http:\/\/zsp3.pl\/wp-content\/uploads\/2024\/11\/7933b71a-e966-4cda-88da-03b969fc8acd-500x500.jpeg 500w\" sizes=\"(max-width: 150px) 100vw, 150px\" \/><\/a>\n\t\t\t<\/div><\/figure><figure class='gallery-item'>\n\t\t\t<div class='gallery-icon portrait'>\n\t\t\t\t<a data-elementor-open-lightbox=\"yes\" data-elementor-lightbox-slideshow=\"ccfb3eb\" data-elementor-lightbox-title=\"429897645_1645921876151952_984892948639995415_n\" data-e-action-hash=\"#elementor-action%3Aaction%3Dlightbox%26settings%3DeyJpZCI6NDk0NSwidXJsIjoiaHR0cDpcL1wvenNwMy5wbFwvd3AtY29udGVudFwvdXBsb2Fkc1wvMjAyNFwvMTFcLzQyOTg5NzY0NV8xNjQ1OTIxODc2MTUxOTUyXzk4NDg5Mjk0ODYzOTk5NTQxNV9uLmpwZyIsInNsaWRlc2hvdyI6ImNjZmIzZWIifQ%3D%3D\" href='http:\/\/zsp3.pl\/wp-content\/uploads\/2024\/11\/429897645_1645921876151952_984892948639995415_n.jpg'><img loading=\"lazy\" decoding=\"async\" width=\"150\" height=\"150\" src=\"http:\/\/zsp3.pl\/wp-content\/uploads\/2024\/11\/429897645_1645921876151952_984892948639995415_n-150x150.jpg\" class=\"attachment-thumbnail size-thumbnail\" alt=\"\" srcset=\"http:\/\/zsp3.pl\/wp-content\/uploads\/2024\/11\/429897645_1645921876151952_984892948639995415_n-150x150.jpg 150w, http:\/\/zsp3.pl\/wp-content\/uploads\/2024\/11\/429897645_1645921876151952_984892948639995415_n-500x500.jpg 500w\" sizes=\"(max-width: 150px) 100vw, 150px\" \/><\/a>\n\t\t\t<\/div><\/figure><figure class='gallery-item'>\n\t\t\t<div class='gallery-icon portrait'>\n\t\t\t\t<a data-elementor-open-lightbox=\"yes\" data-elementor-lightbox-slideshow=\"ccfb3eb\" data-elementor-lightbox-title=\"dd07b343-1b41-4b59-8b98-bc2429950b56\" data-e-action-hash=\"#elementor-action%3Aaction%3Dlightbox%26settings%3DeyJpZCI6NDk1NSwidXJsIjoiaHR0cDpcL1wvenNwMy5wbFwvd3AtY29udGVudFwvdXBsb2Fkc1wvMjAyNFwvMTFcL2RkMDdiMzQzLTFiNDEtNGI1OS04Yjk4LWJjMjQyOTk1MGI1Ni0xLmpwZWciLCJzbGlkZXNob3ciOiJjY2ZiM2ViIn0%3D\" href='http:\/\/zsp3.pl\/wp-content\/uploads\/2024\/11\/dd07b343-1b41-4b59-8b98-bc2429950b56-1.jpeg'><img loading=\"lazy\" decoding=\"async\" width=\"150\" height=\"150\" src=\"http:\/\/zsp3.pl\/wp-content\/uploads\/2024\/11\/dd07b343-1b41-4b59-8b98-bc2429950b56-1-150x150.jpeg\" class=\"attachment-thumbnail size-thumbnail\" alt=\"\" srcset=\"http:\/\/zsp3.pl\/wp-content\/uploads\/2024\/11\/dd07b343-1b41-4b59-8b98-bc2429950b56-1-150x150.jpeg 150w, http:\/\/zsp3.pl\/wp-content\/uploads\/2024\/11\/dd07b343-1b41-4b59-8b98-bc2429950b56-1-500x500.jpeg 500w\" sizes=\"(max-width: 150px) 100vw, 150px\" \/><\/a>\n\t\t\t<\/div><\/figure>\n\t\t<\/div>\n\t\t<\/div>\n\t\t\t\t\t\t<\/div>\n\t\t\t\t<\/div>\n\t\t\t\t\t<\/div>\n\t\t<\/div>\n\t\t\t\t\t<\/div>\n\t\t<\/section>\n\t\t\t\t<\/div>\n\t\t","protected":false},"excerpt":{"rendered":"","protected":false},"author":2,"featured_media":0,"parent":0,"menu_order":0,"comment_status":"closed","ping_status":"closed","template":"elementor_canvas","meta":{"footnotes":""},"class_list":["post-4929","page","type-page","status-publish","hentry"],"_links":{"self":[{"href":"http:\/\/zsp3.pl\/index.php?rest_route=\/wp\/v2\/pages\/4929","targetHints":{"allow":["GET"]}}],"collection":[{"href":"http:\/\/zsp3.pl\/index.php?rest_route=\/wp\/v2\/pages"}],"about":[{"href":"http:\/\/zsp3.pl\/index.php?rest_route=\/wp\/v2\/types\/page"}],"author":[{"embeddable":true,"href":"http:\/\/zsp3.pl\/index.php?rest_route=\/wp\/v2\/users\/2"}],"replies":[{"embeddable":true,"href":"http:\/\/zsp3.pl\/index.php?rest_route=%2Fwp%2Fv2%2Fcomments&post=4929"}],"version-history":[{"count":4,"href":"http:\/\/zsp3.pl\/index.php?rest_route=\/wp\/v2\/pages\/4929\/revisions"}],"predecessor-version":[{"id":4958,"href":"http:\/\/zsp3.pl\/index.php?rest_route=\/wp\/v2\/pages\/4929\/revisions\/4958"}],"wp:attachment":[{"href":"http:\/\/zsp3.pl\/index.php?rest_route=%2Fwp%2Fv2%2Fmedia&parent=4929"}],"curies":[{"name":"wp","href":"https:\/\/api.w.org\/{rel}","templated":true}]}}