{"id":7519,"date":"2026-01-01T22:06:33","date_gmt":"2026-01-01T22:06:33","guid":{"rendered":"http:\/\/zsp3.pl\/?page_id=7519"},"modified":"2026-01-01T22:08:17","modified_gmt":"2026-01-01T22:08:17","slug":"apel-wreczenie-nagrod-za-aktywny-udzial-w-zyciu-internatu","status":"publish","type":"page","link":"http:\/\/zsp3.pl\/?page_id=7519","title":{"rendered":"Apel &#8211; wr\u0119czenie nagr\u00f3d za aktywny udzia\u0142 w \u017cyciu internatu"},"content":{"rendered":"\t\t<div data-elementor-type=\"wp-page\" data-elementor-id=\"7519\" class=\"elementor elementor-7519\">\n\t\t\t\t\t\t<section class=\"elementor-section elementor-top-section elementor-element elementor-element-52eacfa elementor-section-boxed elementor-section-height-default elementor-section-height-default\" data-id=\"52eacfa\" data-element_type=\"section\" data-e-type=\"section\">\n\t\t\t\t\t\t<div class=\"elementor-container elementor-column-gap-default\">\n\t\t\t\t\t<div class=\"elementor-column elementor-col-100 elementor-top-column elementor-element elementor-element-2defbe3\" data-id=\"2defbe3\" data-element_type=\"column\" data-e-type=\"column\">\n\t\t\t<div class=\"elementor-widget-wrap elementor-element-populated\">\n\t\t\t\t\t\t<div class=\"elementor-element elementor-element-9447c33 gallery-spacing-custom elementor-widget elementor-widget-image-gallery\" data-id=\"9447c33\" data-element_type=\"widget\" data-e-type=\"widget\" data-widget_type=\"image-gallery.default\">\n\t\t\t\t<div class=\"elementor-widget-container\">\n\t\t\t\t\t\t\t<div class=\"elementor-image-gallery\">\n\t\t\t<div id='gallery-1' class='gallery galleryid-7519 gallery-columns-4 gallery-size-thumbnail'><figure class='gallery-item'>\n\t\t\t<div class='gallery-icon landscape'>\n\t\t\t\t<a data-elementor-open-lightbox=\"yes\" data-elementor-lightbox-slideshow=\"9447c33\" data-elementor-lightbox-title=\"0d4746ab-4488-4ad2-8bca-60dc65d22c66\" data-e-action-hash=\"#elementor-action%3Aaction%3Dlightbox%26settings%3DeyJpZCI6NzUyMSwidXJsIjoiaHR0cDpcL1wvenNwMy5wbFwvd3AtY29udGVudFwvdXBsb2Fkc1wvMjAyNlwvMDFcLzBkNDc0NmFiLTQ0ODgtNGFkMi04YmNhLTYwZGM2NWQyMmM2Ni5qcGciLCJzbGlkZXNob3ciOiI5NDQ3YzMzIn0%3D\" href='http:\/\/zsp3.pl\/wp-content\/uploads\/2026\/01\/0d4746ab-4488-4ad2-8bca-60dc65d22c66.jpg'><img decoding=\"async\" width=\"150\" height=\"150\" src=\"http:\/\/zsp3.pl\/wp-content\/uploads\/2026\/01\/0d4746ab-4488-4ad2-8bca-60dc65d22c66-150x150.jpg\" class=\"attachment-thumbnail size-thumbnail\" alt=\"\" srcset=\"http:\/\/zsp3.pl\/wp-content\/uploads\/2026\/01\/0d4746ab-4488-4ad2-8bca-60dc65d22c66-150x150.jpg 150w, http:\/\/zsp3.pl\/wp-content\/uploads\/2026\/01\/0d4746ab-4488-4ad2-8bca-60dc65d22c66-500x500.jpg 500w\" sizes=\"(max-width: 150px) 100vw, 150px\" \/><\/a>\n\t\t\t<\/div><\/figure><figure class='gallery-item'>\n\t\t\t<div class='gallery-icon landscape'>\n\t\t\t\t<a data-elementor-open-lightbox=\"yes\" data-elementor-lightbox-slideshow=\"9447c33\" data-elementor-lightbox-title=\"1fb106a1-de53-4bf0-a797-6a6ea1951ac8\" data-e-action-hash=\"#elementor-action%3Aaction%3Dlightbox%26settings%3DeyJpZCI6NzUyMiwidXJsIjoiaHR0cDpcL1wvenNwMy5wbFwvd3AtY29udGVudFwvdXBsb2Fkc1wvMjAyNlwvMDFcLzFmYjEwNmExLWRlNTMtNGJmMC1hNzk3LTZhNmVhMTk1MWFjOC5qcGciLCJzbGlkZXNob3ciOiI5NDQ3YzMzIn0%3D\" href='http:\/\/zsp3.pl\/wp-content\/uploads\/2026\/01\/1fb106a1-de53-4bf0-a797-6a6ea1951ac8.jpg'><img decoding=\"async\" width=\"150\" height=\"150\" src=\"http:\/\/zsp3.pl\/wp-content\/uploads\/2026\/01\/1fb106a1-de53-4bf0-a797-6a6ea1951ac8-150x150.jpg\" class=\"attachment-thumbnail size-thumbnail\" alt=\"\" srcset=\"http:\/\/zsp3.pl\/wp-content\/uploads\/2026\/01\/1fb106a1-de53-4bf0-a797-6a6ea1951ac8-150x150.jpg 150w, http:\/\/zsp3.pl\/wp-content\/uploads\/2026\/01\/1fb106a1-de53-4bf0-a797-6a6ea1951ac8-500x500.jpg 500w\" sizes=\"(max-width: 150px) 100vw, 150px\" \/><\/a>\n\t\t\t<\/div><\/figure><figure class='gallery-item'>\n\t\t\t<div class='gallery-icon landscape'>\n\t\t\t\t<a data-elementor-open-lightbox=\"yes\" data-elementor-lightbox-slideshow=\"9447c33\" data-elementor-lightbox-title=\"9b45e30c-b80f-49f8-b78f-d04dcbc0b147\" data-e-action-hash=\"#elementor-action%3Aaction%3Dlightbox%26settings%3DeyJpZCI6NzUyMywidXJsIjoiaHR0cDpcL1wvenNwMy5wbFwvd3AtY29udGVudFwvdXBsb2Fkc1wvMjAyNlwvMDFcLzliNDVlMzBjLWI4MGYtNDlmOC1iNzhmLWQwNGRjYmMwYjE0Ny5qcGciLCJzbGlkZXNob3ciOiI5NDQ3YzMzIn0%3D\" href='http:\/\/zsp3.pl\/wp-content\/uploads\/2026\/01\/9b45e30c-b80f-49f8-b78f-d04dcbc0b147.jpg'><img decoding=\"async\" width=\"150\" height=\"150\" src=\"http:\/\/zsp3.pl\/wp-content\/uploads\/2026\/01\/9b45e30c-b80f-49f8-b78f-d04dcbc0b147-150x150.jpg\" class=\"attachment-thumbnail size-thumbnail\" alt=\"\" srcset=\"http:\/\/zsp3.pl\/wp-content\/uploads\/2026\/01\/9b45e30c-b80f-49f8-b78f-d04dcbc0b147-150x150.jpg 150w, http:\/\/zsp3.pl\/wp-content\/uploads\/2026\/01\/9b45e30c-b80f-49f8-b78f-d04dcbc0b147-500x500.jpg 500w\" sizes=\"(max-width: 150px) 100vw, 150px\" \/><\/a>\n\t\t\t<\/div><\/figure><figure class='gallery-item'>\n\t\t\t<div class='gallery-icon landscape'>\n\t\t\t\t<a data-elementor-open-lightbox=\"yes\" data-elementor-lightbox-slideshow=\"9447c33\" data-elementor-lightbox-title=\"4865e3f1-cdca-42cc-af9f-ec0470c9d207\" data-e-action-hash=\"#elementor-action%3Aaction%3Dlightbox%26settings%3DeyJpZCI6NzUyNCwidXJsIjoiaHR0cDpcL1wvenNwMy5wbFwvd3AtY29udGVudFwvdXBsb2Fkc1wvMjAyNlwvMDFcLzQ4NjVlM2YxLWNkY2EtNDJjYy1hZjlmLWVjMDQ3MGM5ZDIwNy5qcGciLCJzbGlkZXNob3ciOiI5NDQ3YzMzIn0%3D\" href='http:\/\/zsp3.pl\/wp-content\/uploads\/2026\/01\/4865e3f1-cdca-42cc-af9f-ec0470c9d207.jpg'><img loading=\"lazy\" decoding=\"async\" width=\"150\" height=\"150\" src=\"http:\/\/zsp3.pl\/wp-content\/uploads\/2026\/01\/4865e3f1-cdca-42cc-af9f-ec0470c9d207-150x150.jpg\" class=\"attachment-thumbnail size-thumbnail\" alt=\"\" srcset=\"http:\/\/zsp3.pl\/wp-content\/uploads\/2026\/01\/4865e3f1-cdca-42cc-af9f-ec0470c9d207-150x150.jpg 150w, http:\/\/zsp3.pl\/wp-content\/uploads\/2026\/01\/4865e3f1-cdca-42cc-af9f-ec0470c9d207-500x500.jpg 500w\" sizes=\"(max-width: 150px) 100vw, 150px\" \/><\/a>\n\t\t\t<\/div><\/figure><figure class='gallery-item'>\n\t\t\t<div class='gallery-icon landscape'>\n\t\t\t\t<a data-elementor-open-lightbox=\"yes\" data-elementor-lightbox-slideshow=\"9447c33\" data-elementor-lightbox-title=\"6543e555-68ab-43b7-b86b-14c81170a79a\" data-e-action-hash=\"#elementor-action%3Aaction%3Dlightbox%26settings%3DeyJpZCI6NzUyNSwidXJsIjoiaHR0cDpcL1wvenNwMy5wbFwvd3AtY29udGVudFwvdXBsb2Fkc1wvMjAyNlwvMDFcLzY1NDNlNTU1LTY4YWItNDNiNy1iODZiLTE0YzgxMTcwYTc5YS5qcGciLCJzbGlkZXNob3ciOiI5NDQ3YzMzIn0%3D\" href='http:\/\/zsp3.pl\/wp-content\/uploads\/2026\/01\/6543e555-68ab-43b7-b86b-14c81170a79a.jpg'><img loading=\"lazy\" decoding=\"async\" width=\"150\" height=\"150\" src=\"http:\/\/zsp3.pl\/wp-content\/uploads\/2026\/01\/6543e555-68ab-43b7-b86b-14c81170a79a-150x150.jpg\" class=\"attachment-thumbnail size-thumbnail\" alt=\"\" srcset=\"http:\/\/zsp3.pl\/wp-content\/uploads\/2026\/01\/6543e555-68ab-43b7-b86b-14c81170a79a-150x150.jpg 150w, http:\/\/zsp3.pl\/wp-content\/uploads\/2026\/01\/6543e555-68ab-43b7-b86b-14c81170a79a-500x500.jpg 500w\" sizes=\"(max-width: 150px) 100vw, 150px\" \/><\/a>\n\t\t\t<\/div><\/figure><figure class='gallery-item'>\n\t\t\t<div class='gallery-icon landscape'>\n\t\t\t\t<a data-elementor-open-lightbox=\"yes\" data-elementor-lightbox-slideshow=\"9447c33\" data-elementor-lightbox-title=\"da7c0451-74a1-4080-b533-c3f97e2f2603\" data-e-action-hash=\"#elementor-action%3Aaction%3Dlightbox%26settings%3DeyJpZCI6NzUyNiwidXJsIjoiaHR0cDpcL1wvenNwMy5wbFwvd3AtY29udGVudFwvdXBsb2Fkc1wvMjAyNlwvMDFcL2RhN2MwNDUxLTc0YTEtNDA4MC1iNTMzLWMzZjk3ZTJmMjYwMy5qcGciLCJzbGlkZXNob3ciOiI5NDQ3YzMzIn0%3D\" href='http:\/\/zsp3.pl\/wp-content\/uploads\/2026\/01\/da7c0451-74a1-4080-b533-c3f97e2f2603.jpg'><img loading=\"lazy\" decoding=\"async\" width=\"150\" height=\"150\" src=\"http:\/\/zsp3.pl\/wp-content\/uploads\/2026\/01\/da7c0451-74a1-4080-b533-c3f97e2f2603-150x150.jpg\" class=\"attachment-thumbnail size-thumbnail\" alt=\"\" srcset=\"http:\/\/zsp3.pl\/wp-content\/uploads\/2026\/01\/da7c0451-74a1-4080-b533-c3f97e2f2603-150x150.jpg 150w, http:\/\/zsp3.pl\/wp-content\/uploads\/2026\/01\/da7c0451-74a1-4080-b533-c3f97e2f2603-500x500.jpg 500w\" sizes=\"(max-width: 150px) 100vw, 150px\" \/><\/a>\n\t\t\t<\/div><\/figure><figure class='gallery-item'>\n\t\t\t<div class='gallery-icon portrait'>\n\t\t\t\t<a data-elementor-open-lightbox=\"yes\" data-elementor-lightbox-slideshow=\"9447c33\" data-elementor-lightbox-title=\"ff3e49c0-bea7-4405-bd19-413d7c742bd8\" data-e-action-hash=\"#elementor-action%3Aaction%3Dlightbox%26settings%3DeyJpZCI6NzUyNywidXJsIjoiaHR0cDpcL1wvenNwMy5wbFwvd3AtY29udGVudFwvdXBsb2Fkc1wvMjAyNlwvMDFcL2ZmM2U0OWMwLWJlYTctNDQwNS1iZDE5LTQxM2Q3Yzc0MmJkOC5qcGciLCJzbGlkZXNob3ciOiI5NDQ3YzMzIn0%3D\" href='http:\/\/zsp3.pl\/wp-content\/uploads\/2026\/01\/ff3e49c0-bea7-4405-bd19-413d7c742bd8.jpg'><img loading=\"lazy\" decoding=\"async\" width=\"150\" height=\"150\" src=\"http:\/\/zsp3.pl\/wp-content\/uploads\/2026\/01\/ff3e49c0-bea7-4405-bd19-413d7c742bd8-150x150.jpg\" class=\"attachment-thumbnail size-thumbnail\" alt=\"\" srcset=\"http:\/\/zsp3.pl\/wp-content\/uploads\/2026\/01\/ff3e49c0-bea7-4405-bd19-413d7c742bd8-150x150.jpg 150w, http:\/\/zsp3.pl\/wp-content\/uploads\/2026\/01\/ff3e49c0-bea7-4405-bd19-413d7c742bd8-500x500.jpg 500w\" sizes=\"(max-width: 150px) 100vw, 150px\" \/><\/a>\n\t\t\t<\/div><\/figure>\n\t\t<\/div>\n\t\t<\/div>\n\t\t\t\t\t\t<\/div>\n\t\t\t\t<\/div>\n\t\t\t\t\t<\/div>\n\t\t<\/div>\n\t\t\t\t\t<\/div>\n\t\t<\/section>\n\t\t\t\t<\/div>\n\t\t","protected":false},"excerpt":{"rendered":"","protected":false},"author":2,"featured_media":0,"parent":0,"menu_order":0,"comment_status":"closed","ping_status":"closed","template":"elementor_canvas","meta":{"footnotes":""},"class_list":["post-7519","page","type-page","status-publish","hentry"],"_links":{"self":[{"href":"http:\/\/zsp3.pl\/index.php?rest_route=\/wp\/v2\/pages\/7519","targetHints":{"allow":["GET"]}}],"collection":[{"href":"http:\/\/zsp3.pl\/index.php?rest_route=\/wp\/v2\/pages"}],"about":[{"href":"http:\/\/zsp3.pl\/index.php?rest_route=\/wp\/v2\/types\/page"}],"author":[{"embeddable":true,"href":"http:\/\/zsp3.pl\/index.php?rest_route=\/wp\/v2\/users\/2"}],"replies":[{"embeddable":true,"href":"http:\/\/zsp3.pl\/index.php?rest_route=%2Fwp%2Fv2%2Fcomments&post=7519"}],"version-history":[{"count":4,"href":"http:\/\/zsp3.pl\/index.php?rest_route=\/wp\/v2\/pages\/7519\/revisions"}],"predecessor-version":[{"id":7531,"href":"http:\/\/zsp3.pl\/index.php?rest_route=\/wp\/v2\/pages\/7519\/revisions\/7531"}],"wp:attachment":[{"href":"http:\/\/zsp3.pl\/index.php?rest_route=%2Fwp%2Fv2%2Fmedia&parent=7519"}],"curies":[{"name":"wp","href":"https:\/\/api.w.org\/{rel}","templated":true}]}}